= -82 - -107. Let m be (-1)/2*(-25)/(s/6). What is the greatest common divisor of 1 and m?
1
Let h = 5783 + -4670. Calculate the highest common divisor of h and 477.
159
Suppose 4*k - 4*z + 8 = 0, -5*z = 31*k - 28*k + 46. Let w be ((-40)/(-35))/(-4)*k. Calculate the greatest common factor of w and 10.
2
Let h = 8 - 4. Let y be h - ((-22 - 3) + 2). Suppose -y = n - 4*n. What is the greatest common factor of 36 and n?
9
Suppose 0 = -2*s + 4*h + 836, -1252 = -0*s - 3*s + 4*h. Let f = s - 252. Calculate the highest common factor of 41 and f.
41
Suppose 2*a + 2*a - 600 = 0. Let g(u) = 7*u**2 + 60*u + 158. Let q be g(-4). What is the highest common factor of q and a?
30
Let v = 27 - 11. Suppose -37*k - 2*h - 546 = -42*k, -4*k + 4*h = -420. What is the highest common factor of k and v?
16
Suppose -i = 3*y + 2*i - 2301, 2*i + 761 = y. Let h = 415 - 364. Calculate the highest common factor of h and y.
51
Let a(s) = -6*s - 169. Let k be a(-29). Suppose 6 - 21 = -k*f. What is the highest common divisor of 17 and f?
1
Let f = -3 + 6. Let l(v) = -v**3 + 12*v**2 - 26*v - 5. Let x be l(9). Let s be (10 - x)/6*1. Calculate the greatest common factor of s and f.
1
Suppose 6*o + 3*i = 2*o + 107, -5*i = 3*o - 83. Let m(a) = -29*a - 5 - 81*a + 16*a + 2. Let d be m(-1). Calculate the highest common factor of d and o.
13
Let y be ((-76)/6)/(1/3). Let w be 8*2/152 + (-5468)/y. Calculate the highest common factor of 108 and w.
36
Suppose -3*y + 4*z + 5 = 0, -z = -6*y + 10*y - 13. What is the highest common divisor of 414 and y?
3
Let b be (16/(-10))/(30/(-75)). Let c be (-11 + 9)/(0 - b)*198. Calculate the highest common divisor of 18 and c.
9
Let i = -224 - -246. Suppose -3*k = -2*q + i, q - 1 = 3*k + 4. What is the greatest common divisor of 1 and q?
1
Let c = -529 + 275. Let n = c + 359. Calculate the highest common divisor of 30 and n.
15
Let k(u) = -28*u**3 - 10*u**2 - 20*u - 40. Let g be k(-2). Calculate the greatest common divisor of 232 and g.
8
Let x(y) = -6 - 8 + 590*y - 59 - 601*y. Let g be x(-8). Calculate the greatest common divisor of 1005 and g.
15
Let v(l) = 33*l**2 + 5*l - 16. Let r be v(-4). Suppose 0 = 484*g - r*g + 2800. Let c be 2/(-6) - (-302)/6. Calculate the highest common factor of c and g.
50
Let a be (-27)/18*1/((-9)/12). Suppose 0 = -4*b + b + 3*z + 99, -38 = -a*b - 5*z. Suppose b - 35 = -6*p. Calculate the highest common divisor of p and 5.
1
Let g be (-27839)/(-35) + 8/(-20). Suppose m + m - g = -5*q, m - 390 = -4*q. What is the highest common factor of 20 and m?
10
Suppose -14*g + 6 = -64. Suppose -5*z + 4025 - 895 = -g*l, 0 = -4*z - 5*l + 2540. What is the highest common divisor of z and 10?
10
Let b be (-16)/(-2*(-2)/(-14)). Let v(h) = -h**3 - 78*h**2 + 72*h - 469. Let p be v(-79). What is the highest common factor of b and p?
28
Suppose -i = -3*c - 24, 3*i = 6*i + 5*c - 2. Let f be 101 - -15*(-3)/i. What is the greatest common factor of 48 and f?
48
Let v(f) = f + 1. Let m(h) = -97*h - 27. Let u(r) = m(r) + 2*v(r). Let b be u(-3). Calculate the greatest common divisor of 13 and b.
13
Suppose 4*l - 3*l + 4*v - 1520 = 0, 4*v = -5*l + 7504. What is the highest common factor of 152 and l?
8
Suppose 20*w - 1590 = 14*w. Suppose 254*m + 418 = w*m. What is the highest common divisor of 19 and m?
19
Suppose 2*b + 2*q = 254, 0 = -5*q - 12 - 18. Let r = 0 + 0. Suppose 5*y + 142 = 3*w, 4*w - 4*y - b - 59 = r. Calculate the greatest common divisor of 49 and w.
49
Suppose -2*s - 78 + 194 = 4*r, -2*r + 82 = -5*s. Let a be (-11)/(-55)*-5*(22 - 53). Calculate the greatest common divisor of r and a.
31
Let q be (-1)/((-5)/186)*(-105)/(-63). Calculate the highest common divisor of q and 31.
31
Let l(w) = w**2 - 2*w - 3. Let z be l(4). Let q be 88*(-6)/(-48) - 8. What is the highest common factor of z and q?
1
Let i be ((-3)/(-12))/1 + (-33)/(-12). Suppose 0 = -y + 3, -4*a = -a - i*y - 45. What is the highest common divisor of 666 and a?
18
Let w be (-97 + 85)/(5 - (-98)/(-19)). Suppose -3*a + 4*a - 95 = 0. What is the greatest common divisor of w and a?
19
Suppose -380*p + 1403670 = -254*p - 36384. Calculate the greatest common factor of 33 and p.
11
Let f(j) = -j**3 - 17*j**2 + 8*j - 52. Let q(v) = 10*v + 82. Let r be q(-10). Let k be f(r). What is the greatest common factor of k and 4?
4
Let c(y) = 18*y - 44. Let z be c(-3). Let i = -84 - z. Calculate the highest common divisor of 7 and i.
7
Suppose r = 5*z - 3*r - 256, -2*z + 3*r + 101 = 0. Let w = z - 40. Let h be (1/(2 - 3))/((-2)/w). What is the highest common divisor of 12 and h?
6
Suppose 0 = 87*t - 34*t - 106. Let z be 1/5 - (-12)/15. Let j be z + 0 + (-8)/(-2). What is the greatest common divisor of j and t?
1
Let b(y) = y**2 + 155*y - 7969. Let l be b(42). What is the highest common factor of 15 and l?
5
Let o(c) = 5*c**2 + 7805. Let d be o(0). Calculate the highest common factor of d and 35.
35
Let a be ((-44)/(-6))/(2/60). Let v = 1696 - 1676. What is the greatest common divisor of a and v?
20
Let j be 26 - ((-72)/9 - -20). Calculate the greatest common divisor of 5362 and j.
14
Suppose 10*n - 2970 = n. Let b = -230 + n. Let v be (-199)/(-5) - (-5)/25. Calculate the greatest common divisor of v and b.
20
Suppose 4*u - 312 = -5*j, 0 = -2*u - 2*j + 61 + 95. Let k be 2/((-2)/77) - 0. Let o = k + u. Calculate the highest common factor of 7 and o.
1
Let w(z) = 124*z + 164. Let d be w(2). What is the greatest common factor of d and 16?
4
Suppose 37*m - 75316 - 52249 = -29219. What is the highest common divisor of 18 and m?
6
Suppose 130*l - 8761 - 3456 = -2467. What is the highest common factor of 4155 and l?
15
Let i be (-25)/1*(12 + (25 - 72)). Calculate the greatest common factor of i and 7.
7
Let n be (-1988)/44 + (-8)/(-44). Let p = n + 45. Suppose 11 = 3*s + r, -4*s + p*r = -3*r - 32. Calculate the highest common divisor of s and 20.
5
Suppose -135*b = 484*b - 55710. Let x = -32 + 86. Calculate the highest common divisor of x and b.
18
Let z = 12631 - 5197. What is the greatest common factor of 126 and z?
126
Let b be (18/63)/(8/1204). Suppose -4*x = 5*k - 88, -4*k - b = -3*x - 8. Calculate the greatest common factor of 68 and x.
17
Suppose 0*k - 3*k - 5*r + 63 = 0, 5*k - 89 = -3*r. Suppose 4*u + 16 = 0, 6*x - 2*u = 4*x + 168. Calculate the greatest common factor of x and k.
16
Let p(h) = -h**3 - 12*h**2 - 4*h + 81. Let i be p(-11). Calculate the greatest common divisor of 57 and i.
1
Suppose 3*v + 4 = -s, -v + 2*v + 10 = 4*s. Let n be ((-506)/(-88))/(v/(-88)). What is the highest common divisor of n and 11?
11
Let f be -3 - (-6)/(-5)*(-10 - 5). Suppose 0 = f*u - 1063 + 163. Calculate the highest common factor of u and 24.
12
Let q be (-3)/(-6)*(5 - 5) - -212. Let b = -137 + q. Calculate the greatest common factor of 45 and b.
15
Let f(v) = v**3 + 25*v**2 - 13*v + 1. Let g be f(-25). Suppose 4*s - 260 = -2*w, g = 3*w + 2*s - 64. Calculate the highest common divisor of w and 325.
65
Suppose -b + 2*b - 4*m = 0, 0 = -4*b + 3*m + 39. Let n be 42/35*10/4. Let h = b + n. What is the greatest common factor of h and 10?
5
Let d be 7*1 + 230 + -232. Calculate the greatest common divisor of d and 995.
5
Suppose -250 + 71 - 73 = -21*q. Calculate the greatest common divisor of 591 and q.
3
Let x be (1480/80)/((-1)/(-70)). Calculate the highest common factor of 7 and x.
7
Suppose 5 = 4*n - 79. Let b(x) = 163*x - 1. Let g be b(2). Suppose 3*d + 4*v - 2*v - g = 0, -200 = -2*d + 2*v. What is the greatest common factor of d and n?
21
Suppose 2*j = -5*q - 771 + 3173, 4*j - 466 = -q. Let d be (-11 - -7) + -3 + q. Calculate the greatest common factor of d and 50.
25
Suppose -30*g + 304 = -280 + 74. Calculate the greatest common factor of 3366 and g.
17
Let d = -6372 - -6567. What is the highest common divisor of 1131 and d?
39
Suppose -3*d = -5*w - 2*d - 6, 4 = 2*w - 2*d. Let s be 4 + (63 - (w + -1)). Let b = s + -49. What is the highest common divisor of b and 147?
21
Suppose 0 = 4*u - 28, 4*y + 4*u - 2292 - 6952 = 0. What is the highest common factor of y and 36?
36
Let c(z) = z**3 + 11*z**2 + 2*z + 13. Let i be c(0). Suppose -i = -31*o + 3242. Calculate the highest common divisor of o and 84.
21
Let f = -804 - -800. Let m be 576/(-672)*2/(f/238). What is the greatest common divisor of 24 and m?
6
Let 